) = -d - 1. Let x(q) = 4*f(q) + o(q). Give x(b).
-8
Let s be 1/(1*2/10). Suppose j = 4*i - 7, i - j - j = 7. Let k(z) = i - z**2 + 1 + 9*z - 4*z + 2. What is k(s)?
4
Let l be (-3)/2*3*(-24)/54. Let p(o) = -5*o + 1. Determine p(l).
-9
Let j(n) = -n**3 - 2*n**2 + n + 1. Suppose -3*g + 3*w + 23 = -7*g, 2*w - 30 = 3*g. Suppose d = -5 - 1. Let b = g - d. Give j(b).
-1
Let w(f) = 8*f + 3. Let k be w(-2). Let y(c) = 2*c**2 - 21*c + 12. Let j(i) = -i**2 + 10*i - 6. Let q(u) = k*j(u) - 6*y(u). What is q(4)?
6
Let f = 16 + -10. Let d(r) = 1 - 3 + r**3 + 3 + 6*r**2 - f. Calculate d(-6).
-5
Let c(b) be the first derivative of b**2/2 - 8*b - 35. Suppose 0 = 3*w - 2*w - 3*s + 12, 2*w + 4 = s. Give c(w).
-8
Let n(p) = -25*p + 10*p + 14*p - 8. What is n(-6)?
-2
Let l = -2 - -5. Let h(a) = l*a - 4 - 2*a**2 + 3*a**2 - a + 2. Let y = 6 - 4. Give h(y).
6
Let n(m) be the second derivative of -5/6*m**3 - 3*m + 0 + 4*m**2 + 1/20*m**5 + 5/12*m**4. Let u = -9 - -3. Give n(u).
2
Let q(h) = -18*h**3 + 1. Let d(i) = -i**2 + 4*i + 13. Let l be d(6). Determine q(l).
-17
Let u(l) = -3*l**3. Let w be u(-1). Let q = -5 + 8. Let z(y) = y + y**q + 2*y**3 - y**2 + 2*y**w. What is z(1)?
5
Let a(i) be the first derivative of -i**6/360 - i**5/24 + i**4/8 + i**3/3 + 6. Let j(n) be the third derivative of a(n). Determine j(-5).
3
Suppose -5*g + 0 = -10. Let n be ((3 - g) + 6)/1. Let y(t) = -t**2 + 7*t + 7. What is y(n)?
7
Let z(o) = 13*o + 1. Let w(k) = 14*k + 1. Let d(v) = -5*w(v) + 6*z(v). Calculate d(-1).
-7
Let j(u) be the second derivative of u**5/20 - u**4/4 - 5*u**3/6 + u**2/2 - 42*u. Calculate j(4).
-3
Suppose v + 4*s = 1 - 7, v = 4*s - 6. Let m(q) = q. Give m(v).
-6
Let m(p) = -p**3 - p**2 + 2*p. Let s(w) = 2*w**2 - 6*w - 6. Let v(y) = -m(y) + s(y). Calculate v(-5).
-16
Let z(o) = o**2 - 4*o - 7. Let t be 62/8 - 3/(-12). Let p(w) = -3*w**3 - 7*w**2 + 2*w**3 - 7 + 0*w**2 + t*w + 2*w**3. Let c be p(6). What is z(c)?
-2
Let q = 28 + -16. Let u be (-9 + 10)/((-2)/q). Let n(c) = c**3 + 6*c**2 - 2*c - 7. Calculate n(u).
5
Let r be 99/44 - (-3)/4. Let n(h) = 0*h**3 - h**3 - 3*h + 2*h**3 + r. Give n(2).
5
Let w(m) = -2*m**2 - m - 2*m**3 - m**3 + 7*m**3. What is w(-1)?
-5
Let k(j) = j**2 + 13. Let f be k(0). Suppose f = -3*s - 5*v - 6, 0 = -5*s + 2*v - 11. Let p(x) = -3*x - 3. Determine p(s).
6
Let l = -13 - -18. Let v(g) = 19*g - 1. Let u(x) = 8*x. Let y(z) = -5*u(z) + 2*v(z). What is y(l)?
-12
Let m = -2 - -4. Suppose -3*b = 14 - m. Let n(z) = z**3 + 5*z**2 + 4*z - 2. Determine n(b).
-2
Let j(g) = -5*g**3 + g**2 + 4*g - 9. Let v(q) = -3*q**3 + q**2 + 2*q - 5. Let n(t) = 4*j(t) - 7*v(t). What is n(3)?
5
Let z(l) be the second derivative of l**4/12 + 3*l**3/2 + 5*l**2/2 - 9*l. Determine z(-7).
-9
Let t be 20/9 + (-10)/45. Suppose 16 = -5*n - 5*d - 19, -8 = t*d. Let k(b) = -2*b**2 - 3*b + 2. Give k(n).
-7
Let c(i) = -3*i - 3. Suppose 4*u = -3 - 17. Suppose 3*x - 12 = 2*h - 0*x, 0 = 4*h - x + 4. Let t be u - (h/1 + -2). Give c(t).
6
Let m(j) = -2 - 9*j + 5*j + 3*j + j**3. What is m(-2)?
-8
Let p be 1/(1 + -3 + 1). Let t(k) = 6*k**3. Determine t(p).
-6
Let q(o) be the third derivative of o**6/120 - 7*o**5/60 - o**4/3 - o**3 + 11*o**2. Give q(8).
-6
Let w(k) = 2*k + 8. Let l(j) = -j - 1. Let s(z) = -4*l(z) - 4*w(z). Let y(g) = -g - 7. Let p(m) = 2*s(m) - 9*y(m). Give p(-6).
1
Let b(d) = -d**2 - 8*d - 3. Let s be b(-6). Let c be (9/s)/(2/12). Let p(f) = f**3 - 6*f**2 + f - 2. Give p(c).
4
Let w = 15 + -9. Let s(b) = 1 + 6*b - 414*b**2 + 413*b**2 - b. Give s(w).
-5
Let v(l) be the third derivative of l**6/40 + l**5/30 - l**3/6 - 38*l**2. Give v(1).
4
Let y be (9/3)/(-1 - -2). Let m(b) be the third derivative of b**5/60 - b**3/2 + 4*b**2. Give m(y).
6
Suppose 10 + 5 = 3*z. Let m(w) = w**2 - 13 - 3*w + z + 8*w. Give m(-6).
-2
Let x = 15 - 11. Let m = 8 + -5. Let b(s) = -s + m - 3 - 4. Calculate b(x).
-8
Suppose -2 = 2*c - 4. Suppose -r + v - 2 = -c, -4*r - 1 = -3*v. Let z(b) = -2*b + 2*b - b**3 + 2 - 4 + b**r. Give z(2).
-6
Let t(f) = -f - 1. Let z(c) = -c**2 - 4*c. Let y(n) = -4*t(n) - z(n). Determine y(-6).
-8
Let d(f) = -7*f - 7. Let q be (-1 + 3 - 1) + 2. Let v(y) = -1 - 4*y - 4 + 1. Let j(z) = q*d(z) - 5*v(z). Determine j(-5).
4
Let v(q) = -6 + 0*q - 2*q + 3*q. Let d be 2/(-6) - 42/(-18). Suppose -5*r + 25 = 4*b, d*r - 8 = 4*b + 2. Calculate v(r).
-1
Let o(i) = -10*i**3 + 2*i + 1. Let f(c) = -c**3 - 7*c**2 - 6*c + 4. Let s be f(-6). Suppose 5*b = -23 + 3, s*l + 5*b + 24 = 0. Determine o(l).
9
Let a(x) = 2*x - 2. Let d be -1*(1 + -1) - -2. Determine a(d).
2
Let p(v) = v - 4. Let c = 1 - -8. Calculate p(c).
5
Let m(x) = 2 + 4 - 4 + x. Let r(l) = -l**3 - 2*l**2 + 2*l - 1. Let t be r(-3). Let s(q) = 6*q + 11. Let j(f) = t*s(f) - 11*m(f). Determine j(-5).
-5
Let n(h) = -60*h - 61*h + 122*h + 7*h**2. Let t(p) be the third derivative of -p**5/60 - p**4/12 - p**3/6 - p**2. Let y be t(-2). What is n(y)?
6
Let c(b) = -b - 4. Let v(l) = l. Suppose -5*u - 5*g = 20, 3*g + 0 + 12 = 2*u. Let y be v(u). Determine c(y).
-4
Let a(n) = -3*n - 13. Let w = 17 + -19. Let x(l) = 7*l + 27. Let c(p) = w*x(p) - 5*a(p). Determine c(-8).
3
Let t(p) = p**2 - 8*p + 7. Let n be t(6). Let j(a) = 3*a + 7. Let r(i) = 1. Let g(u) = -j(u) + r(u). Calculate g(n).
9
Let k(g) = -6*g**3 + 2*g**2 - 5*g + 8. Suppose d + 3*m - 11 = 0, 5*m - 11 = -1. Let y(q) = 4*q**3 - q**2 + 3*q - 5. Let r(h) = d*k(h) + 8*y(h). Give r(-2).
-6
Let l(v) = -v**2 + 5*v - 4. Let u be l(5). Let d(o) = 2*o + 3. What is d(u)?
-5
Let a be 6 - ((-2)/1)/(-2). Suppose -a*f - c + 20 = 0, 16 = -3*f - 0*f + 5*c. Let y(u) = -2*u**2 + 4*u - 2 + 4 - 1 - u**f. Determine y(-3).
-2
Let b(s) be the second derivative of -s**5/20 + 5*s**4/12 + s**2/2 - 5*s. What is b(4)?
17
Let n(y) = -2*y**2 - 4*y. Let c = -75 - -72. Determine n(c).
-6
Let u(r) be the third derivative of 3*r**2 - 1/6*r**3 + 0 + 0*r**5 - 1/120*r**6 + 0*r + 0*r**4. Determine u(-2).
7
Let f(s) = -s + 11. Let w be (-4)/(-22) + 954/198. Calculate f(w).
6
Let v(i) = 8*i**3 + 1 - 2*i - 9*i**3 + 0*i**3. Suppose 1 = -t + 2. What is v(t)?
-2
Let r = 2 - 1. Suppose -v + 4 + r = 0. Let c(d) be the second derivative of -d**4/12 + 5*d**3/6 + 3*d**2/2 + 380*d. What is c(v)?
3
Suppose 2*c + 3 = -13. Let y = 5 + c. Let a(s) = -s**3 - 4*s**2 - 5*s - 3. Determine a(y).
3
Let z(b) = 4*b**2 + 6*b + 3. Let a(x) = -5*x**2 - 7*x - 4. Let i(t) = 3*a(t) + 4*z(t). Suppose 0 = -3*s - 7 - 5. Determine i(s).
4
Let m(u) = 2*u**3 - 2*u**2 + u. Let o(v) = -v**2 + v. Let l be (-3)/((-9)/6)*-1. Let w(s) = l*o(s) - m(s). Give w(2).
-6
Let q be (26/6 - 4)*9. Let y(j) be the second derivative of 1/3*j**q + 0*j**2 - j + 0 + 1/12*j**4. Calculate y(-2).
0
Let m(n) = -n**2 - 10*n + 5. Let d be (-22 - -2)*(12/8 + -1). Determine m(d).
5
Suppose 0 = -7*c + 3*c - q + 10, 4*c = 4*q. Let z(p) = -37 - 4*p**c - p + 37. What is z(-1)?
-3
Let w(x) = -x. Let u be (-4 + 0)*4/16. Let b(s) = s - 2. Let g(k) = u*b(k) - 2*w(k). Suppose o - 3*d = -9, -5*d + 42 = 4*o + 10. What is g(o)?
5
Let v(j) = -4*j**3 - 1. Suppose -2*s = -5*s - 3. Let a be v(s). Let c(o) = -o**2 + 0*o**a + 0*o**3 - o + 4*o**3 + 0*o. Calculate c(-1).
-4
Let u be 1/(-1) + (-6 - -8). Let s(q) = q**3. What is s(u)?
1
Let z(d) = -4*d + 2*d - d**3 + 29*d**2 + 1 - 27*d**2. What is z(2)?
-3
Let u = 52 + -59. Let v(l) = -l. Calculate v(u).
7
Let t(b) = -2*b - 10. Let a be t(-8). Let l(z) = -3 - a - z + 3. Let u(d) = d**2 - 5*d - 6. Let i be u(6). Give l(i).
-6
Suppose -5*l = -23 - 2. Let o(n) = -2*n + 1. Let d(z) = 2*z. Let w(f) = 2*d(f) + 3*o(f). What is w(l)?
-7
Let m be ((-4)/3)/((-1)/3). Let j be 1/1 + -3 + m. Suppose -j*x = -3*x - 2. Let q(b) = 2*b - 2. What is q(x)?
-6
Let w(f) = -f**3 + f**2 + f + 2. Let c be (-84)/(-20)*(2 + -7). Let x = c + 21. Determine w(x).
2
Let d(y) be the third derivative of -1/24*y**4 + y**2 + 0*y + 1/360*y**6 + 0 - 1/2*y**3 - 1/60*y**5. Let i(c) be the first derivative of d(c). Give i(2).
-1
Let u(l) = 7*l**2 + 12*l + 2. Let v(s) be the second derivative of s**4/12 + s**3/6 + 4*s. Let t(f) = u(f) - 6*v(f). What is t(-6)?
2
Let y(p) = -3*p + 6. Let t(b) = -2*b**2 - 8*b + 5. Let i be t(-4). What is y(i)?
-9
Let n(b) = b**2 + b - 1. Let k be (-1)/((-3)/9) - 0. Let j = k - 2. Suppose 2*q - j = 4*z - z, 0 = 3*z + 3*q - 9. Give n(z).
1
Suppose -19*j + 7 = 45. Let